{"id":10071,"date":"2023-05-26T12:07:55","date_gmt":"2023-05-26T10:07:55","guid":{"rendered":"https:\/\/www.kostkos.vilniausr.lm.lt\/?page_id=10071"},"modified":"2025-05-21T09:18:05","modified_gmt":"2025-05-21T06:18:05","slug":"komisijos-ir-darbo-grupes","status":"publish","type":"page","link":"https:\/\/www.kostkos.vilniausr.lm.lt\/?page_id=10071","title":{"rendered":"Komisijos ir darbo grup\u0117s"},"content":{"rendered":"\n<h3><strong>Vaiko gerov\u0117s komisija:<\/strong><\/h3>\n\n\n\n<h3>Vaiko gerov\u0117s komisija (VGK)<\/h3>\n\n\n\n<p>Vadovaujantis Lietuvos Respublikos \u0160vietimo ir mokslo ministro 2011 m. baland\u017eio 11 d. \u012fsakymu NR. V-579 \u201eD\u0117l mokyklos vaiko gerov\u0117s komisijos sudarymo ir jos darbo organizavimo tvarkos apra\u0161o patvirtinimo\u201c gimnazijoje veikia Vaiko gerov\u0117s komisija (VGK) (toliau \u2013 Komisija). <strong>Komisijos paskirtis<\/strong> \u2013 organizuoti ir koordinuoti prevencin\u012f darb\u0105, \u0161vietimo pagalbos teikim\u0105, saugios ir palankios vaiko ugdymui aplinkos k\u016brim\u0105, \u0161vietimo program\u0173 pritaikym\u0105 mokiniams, turintiems speciali\u0173j\u0173 ugdymosi poreiki\u0173, atlikti mokinio speciali\u0173j\u0173 ugdymosi poreiki\u0173 (i\u0161skyrus poreikius, atsirandan\u010dius d\u0117l i\u0161skirtini\u0173 gabum\u0173) pirmin\u012f \u012fvertinim\u0105 ir atlikti kitas su vaiko gerove susijusias funkcijas.<\/p>\n\n\n\n<p>Vaiko gerov\u0117s komisijos u\u017edavinius ir darbo funkcij\u0173 paskirstimus, galite rasti <a href=\"https:\/\/www.kostkos.vilniausr.lm.lt\/wp-content\/uploads\/2023\/05\/VGK-nariu-f-cijas.doc\">\u010dia<\/a>.<\/p>\n\n\n<h3><strong>Mokytoj\u0173 ir pagalbos mokiniui specialist\u0173 (i\u0161skyrus psichologus) atestacijos komisija<\/strong><\/h3>\n\n\n<p><strong>Pirminink\u0117<\/strong>\u00a0Jolanta Driukien\u0117, gimnazijos direktor\u0117,<br><strong>Sekretor\u0117<\/strong>\u00a0Irena Macevi\u010d, socialin\u0117 pedagog\u0117.<\/p>\n\n\n\n<p><strong>Nar\u0117s<\/strong>:<br>Jolianta Markovska, mokytoja metodinink\u0117, dirbanti pagal pradinio ugdymo program\u0105<br>Ana Barto\u0161ko, lenk\u0173 kalbos mokytoja metodinink\u0117<br>Danuta Pimanova, vyresnioji mokytoja, dirbanti pagal pradinio ugdymo program\u0105<\/p>\n","protected":false},"excerpt":{"rendered":"<p>Vaiko gerov\u0117s komisija: Vaiko gerov\u0117s komisija (VGK) Vadovaujantis Lietuvos Respublikos \u0160vietimo ir mokslo ministro 2011 m. baland\u017eio 11 d. \u012fsakymu NR. V-579 \u201eD\u0117l mokyklos vaiko gerov\u0117s komisijos sudarymo ir jos darbo organizavimo tvarkos apra\u0161o patvirtinimo\u201c gimnazijoje veikia Vaiko gerov\u0117s komisija &hellip; <a href=\"https:\/\/www.kostkos.vilniausr.lm.lt\/?page_id=10071\">Continue reading <span class=\"meta-nav\">&rarr;<\/span><\/a><\/p>\n","protected":false},"author":1,"featured_media":0,"parent":1813,"menu_order":5,"comment_status":"closed","ping_status":"closed","template":"","meta":{"ngg_post_thumbnail":0,"footnotes":"","_links_to":"","_links_to_target":""},"_links":{"self":[{"href":"https:\/\/www.kostkos.vilniausr.lm.lt\/index.php?rest_route=\/wp\/v2\/pages\/10071"}],"collection":[{"href":"https:\/\/www.kostkos.vilniausr.lm.lt\/index.php?rest_route=\/wp\/v2\/pages"}],"about":[{"href":"https:\/\/www.kostkos.vilniausr.lm.lt\/index.php?rest_route=\/wp\/v2\/types\/page"}],"author":[{"embeddable":true,"href":"https:\/\/www.kostkos.vilniausr.lm.lt\/index.php?rest_route=\/wp\/v2\/users\/1"}],"replies":[{"embeddable":true,"href":"https:\/\/www.kostkos.vilniausr.lm.lt\/index.php?rest_route=%2Fwp%2Fv2%2Fcomments&post=10071"}],"version-history":[{"count":5,"href":"https:\/\/www.kostkos.vilniausr.lm.lt\/index.php?rest_route=\/wp\/v2\/pages\/10071\/revisions"}],"predecessor-version":[{"id":12158,"href":"https:\/\/www.kostkos.vilniausr.lm.lt\/index.php?rest_route=\/wp\/v2\/pages\/10071\/revisions\/12158"}],"up":[{"embeddable":true,"href":"https:\/\/www.kostkos.vilniausr.lm.lt\/index.php?rest_route=\/wp\/v2\/pages\/1813"}],"wp:attachment":[{"href":"https:\/\/www.kostkos.vilniausr.lm.lt\/index.php?rest_route=%2Fwp%2Fv2%2Fmedia&parent=10071"}],"curies":[{"name":"wp","href":"https:\/\/api.w.org\/{rel}","templated":true}]}}