{"id":10191,"date":"2023-05-30T13:36:29","date_gmt":"2023-05-30T11:36:29","guid":{"rendered":"https:\/\/www.kostkos.vilniausr.lm.lt\/?page_id=10191"},"modified":"2024-01-23T14:14:20","modified_gmt":"2024-01-23T12:14:20","slug":"nmpp","status":"publish","type":"page","link":"https:\/\/www.kostkos.vilniausr.lm.lt\/?page_id=10191","title":{"rendered":"NMPP"},"content":{"rendered":"\n<p>Informacija apie nacionalinius mokini\u0173 pasiekim\u0173 patikrinimus (NMPP)\u00a0<strong><a rel=\"noreferrer noopener\" href=\"http:\/\/www.nsa.smm.lt\/stebesenos-ir-vertinimo-departamentas\/pasiekimu-patikrinimai\/nmpp\/\" target=\"_blank\">www.nsa.smm.lt\/stebesenos-ir-vertinimo-departamentas\/pasiekimu-patikrinimai\/nmpp\/<\/a><\/strong><\/p>\n\n\n\n<p>Nacionalinio mokini\u0173 pasiekim\u0173 patikrinimo organizavimo ir vykdymo tvarkos apra\u0161as&nbsp;<strong><a href=\"https:\/\/www.e-tar.lt\/portal\/lt\/legalAct\/b37afd00d31311e68d79c2033f194657\" target=\"_blank\" rel=\"noreferrer noopener\">https:\/\/www.e-tar.lt\/portal\/lt\/legalAct\/b37afd00d31311e68d79c2033f194657<\/a><\/strong><\/p>\n\n\n\n<p>2022\u20132023 MOKSLO MET\u0172 NACIONALINI\u0172 MOKINI\u0172 PASIEKIM\u0172 PATIKRINIM\u0172 TVARKARA\u0160TIS IR VYKDYMO B\u016aDAS (<strong><a href=\"https:\/\/www.kostkos.vilniausr.lm.lt\/wp-content\/uploads\/2023\/05\/AR_NMPP_tvarkarastis_2023.pdf\" target=\"_blank\" rel=\"noreferrer noopener\">pridedama<\/a><\/strong>)<\/p>\n","protected":false},"excerpt":{"rendered":"<p>Informacija apie nacionalinius mokini\u0173 pasiekim\u0173 patikrinimus (NMPP)\u00a0www.nsa.smm.lt\/stebesenos-ir-vertinimo-departamentas\/pasiekimu-patikrinimai\/nmpp\/ Nacionalinio mokini\u0173 pasiekim\u0173 patikrinimo organizavimo ir vykdymo tvarkos apra\u0161as&nbsp;https:\/\/www.e-tar.lt\/portal\/lt\/legalAct\/b37afd00d31311e68d79c2033f194657 2022\u20132023 MOKSLO MET\u0172 NACIONALINI\u0172 MOKINI\u0172 PASIEKIM\u0172 PATIKRINIM\u0172 TVARKARA\u0160TIS IR VYKDYMO B\u016aDAS (pridedama)<\/p>\n","protected":false},"author":1,"featured_media":0,"parent":10177,"menu_order":2,"comment_status":"closed","ping_status":"closed","template":"","meta":{"ngg_post_thumbnail":0,"footnotes":"","_links_to":"","_links_to_target":""},"_links":{"self":[{"href":"https:\/\/www.kostkos.vilniausr.lm.lt\/index.php?rest_route=\/wp\/v2\/pages\/10191"}],"collection":[{"href":"https:\/\/www.kostkos.vilniausr.lm.lt\/index.php?rest_route=\/wp\/v2\/pages"}],"about":[{"href":"https:\/\/www.kostkos.vilniausr.lm.lt\/index.php?rest_route=\/wp\/v2\/types\/page"}],"author":[{"embeddable":true,"href":"https:\/\/www.kostkos.vilniausr.lm.lt\/index.php?rest_route=\/wp\/v2\/users\/1"}],"replies":[{"embeddable":true,"href":"https:\/\/www.kostkos.vilniausr.lm.lt\/index.php?rest_route=%2Fwp%2Fv2%2Fcomments&post=10191"}],"version-history":[{"count":6,"href":"https:\/\/www.kostkos.vilniausr.lm.lt\/index.php?rest_route=\/wp\/v2\/pages\/10191\/revisions"}],"predecessor-version":[{"id":10199,"href":"https:\/\/www.kostkos.vilniausr.lm.lt\/index.php?rest_route=\/wp\/v2\/pages\/10191\/revisions\/10199"}],"up":[{"embeddable":true,"href":"https:\/\/www.kostkos.vilniausr.lm.lt\/index.php?rest_route=\/wp\/v2\/pages\/10177"}],"wp:attachment":[{"href":"https:\/\/www.kostkos.vilniausr.lm.lt\/index.php?rest_route=%2Fwp%2Fv2%2Fmedia&parent=10191"}],"curies":[{"name":"wp","href":"https:\/\/api.w.org\/{rel}","templated":true}]}}