{"id":111,"date":"2010-02-27T20:00:34","date_gmt":"2010-02-27T18:00:34","guid":{"rendered":"http:\/\/www2095.vu.lt\/?page_id=111"},"modified":"2023-05-26T11:45:45","modified_gmt":"2023-05-26T09:45:45","slug":"naudingos-nuorodos","status":"publish","type":"page","link":"https:\/\/www.kostkos.vilniausr.lm.lt\/?page_id=111","title":{"rendered":"Nuorodos"},"content":{"rendered":"<div style=\"line-height: 150%;\">&nbsp;<\/div>\n<div style=\"line-height: 150%;\">\n<p><strong>Pagalba nuket\u0117jusiems asmenims<\/strong><\/p>\n<p><a href=\"https:\/\/socmin.lrv.lt\/lt\/veiklos-sritys\/socialine-integracija\/pagalba-nuo-nusikalstamos-veikos-nukentejusiems-asmenims\" target=\"_blank\" rel=\"noopener\">&nbsp;Aktualiausia informacija d\u0117l pagalbos nukent\u0117jusiems asmenims<\/a><\/p>\n<p><a href=\"https:\/\/socmin.lrv.lt\/lt\/veiklos-sritys\/socialine-integracija\/pagalba-nuo-nusikalstamos-veikos-nukentejusiems-asmenims\/elektroninis-leidinys-ka-turi-zinoti-nukentejes-asmuo\" target=\"_blank\" rel=\"noopener\">K\u0105 turi \u017einoti nukent\u0117j\u0119s asmuo?<\/a><\/p>\n<p><a href=\"https:\/\/www.parcevskio.lt\/wp-content\/uploads\/2023\/05\/Pagalbos-sarasas-nukentejusiems.pdf\" target=\"_blank\" rel=\"noopener\">Nemokama ir konfidenciali pagalba nukent\u0117jusiems nuo nusikalstam\u0173 veik\u0173<\/a><\/p>\n<\/div>\n<div style=\"line-height: 150%;\"><a href=\"http:\/\/www.aikos.smm.lt\" target=\"_blank\" rel=\"noopener noreferrer\">www.aikos.smm.lt<\/a><\/div>\n<div style=\"line-height: 150%;\"><a href=\"http:\/\/www.euroguidance.lt\" target=\"_blank\" rel=\"noopener noreferrer\">www.euroguidance.lt<\/a><\/div>\n<div style=\"line-height: 150%;\"><a href=\"http:\/\/www.studijos.lt\" target=\"_blank\" rel=\"noopener noreferrer\">www.studijos.lt<\/a><\/div>\n<div style=\"line-height: 150%;\"><a href=\"http:\/\/www.profesijupasaulis.lt\" target=\"_blank\" rel=\"noopener noreferrer\">www.profesijupasaulis.lt<\/a><\/div>\n<div style=\"line-height: 150%;\">Generolo Jono \u017demai\u010dio karo akademija &#8211; <a href=\"http:\/\/www.lka.lt\" target=\"_blank\" rel=\"noopener noreferrer\">http:\/\/www.lka.lt<\/a><\/div>\n<div style=\"line-height: 150%;\">Lietuvos sveikatos moksl\u0173 universitetas &#8211; <a href=\"https:\/\/lsmuni.lt\/\" target=\"_blank\" rel=\"noopener noreferrer\">http:\/\/www.kmu.lt<\/a><\/div>\n<div style=\"line-height: 150%;\">Mykolo Romerio universitetas &#8211; <a href=\"http:\/\/www.mruni.eu\">http:\/\/www.mruni.eu<\/a><\/div>\n<div style=\"line-height: 150%;\">Vilniaus Gedimino technikos universitetas &#8211; <a href=\"https:\/\/vilniustech.lt\/\">https:\/\/vilniustech.lt\/<\/a><\/div>\n<div style=\"line-height: 150%;\">VDU \u0160vietimo akademija- <a href=\"https:\/\/svietimas.vdu.lt\/\">https:\/\/svietimas.vdu.lt\/<\/a><\/div>\n<div style=\"line-height: 150%;\">Vilniaus universitetas &#8211; <a href=\"http:\/\/www.vu.lt\" target=\"_blank\" rel=\"noopener noreferrer\">http:\/\/www.vu.lt<\/a><\/div>\n<div style=\"line-height: 150%;\">Kauno kolegija &#8211; <a href=\"http:\/\/www.kauko.lt\" target=\"_blank\" rel=\"noopener noreferrer\">http:\/\/www.kauko.lt<\/a><\/div>\n<div style=\"line-height: 150%;\">Utenos kolegija &#8211; <a href=\"http:\/\/www.utenos-kolegija.lt\" target=\"_blank\" rel=\"noopener noreferrer\">http:\/\/www.utenos-kolegija.lt<\/a><\/div>\n<div style=\"line-height: 150%;\">Vie\u0161oji \u012fstaiga Vilniaus verslo kolegija &#8211; <a href=\"http:\/\/www.kolegija.lt\" target=\"_blank\" rel=\"noopener noreferrer\">http:\/\/www.kolegija.lt<\/a><\/div>\n<div style=\"line-height: 150%;\">Vilniaus kolegija &#8211; <a href=\"http:\/\/www.viko.lt\" target=\"_blank\" rel=\"noopener noreferrer\">http:\/\/www.viko.lt<\/a><\/div>\n<div style=\"line-height: 150%;\">Vilniaus technologij\u0173 ir dizaino kolegija &#8211; <a href=\"https:\/\/vtdko.lt\/\">https:\/\/vtdko.lt\/<\/a><\/div>\n<div style=\"line-height: 150%;\">&nbsp;<\/div>\n\n\n<p><\/p>\n","protected":false},"excerpt":{"rendered":"<p>&nbsp; Pagalba nuket\u0117jusiems asmenims &nbsp;Aktualiausia informacija d\u0117l pagalbos nukent\u0117jusiems asmenims K\u0105 turi \u017einoti nukent\u0117j\u0119s asmuo? Nemokama ir konfidenciali pagalba nukent\u0117jusiems nuo nusikalstam\u0173 veik\u0173 www.aikos.smm.lt www.euroguidance.lt www.studijos.lt www.profesijupasaulis.lt Generolo Jono \u017demai\u010dio karo akademija &#8211; http:\/\/www.lka.lt Lietuvos sveikatos moksl\u0173 universitetas &#8211; http:\/\/www.kmu.lt &hellip; <a href=\"https:\/\/www.kostkos.vilniausr.lm.lt\/?page_id=111\">Continue reading <span class=\"meta-nav\">&rarr;<\/span><\/a><\/p>\n","protected":false},"author":1,"featured_media":0,"parent":0,"menu_order":11,"comment_status":"closed","ping_status":"closed","template":"","meta":{"ngg_post_thumbnail":0,"footnotes":"","_links_to":"","_links_to_target":""},"_links":{"self":[{"href":"https:\/\/www.kostkos.vilniausr.lm.lt\/index.php?rest_route=\/wp\/v2\/pages\/111"}],"collection":[{"href":"https:\/\/www.kostkos.vilniausr.lm.lt\/index.php?rest_route=\/wp\/v2\/pages"}],"about":[{"href":"https:\/\/www.kostkos.vilniausr.lm.lt\/index.php?rest_route=\/wp\/v2\/types\/page"}],"author":[{"embeddable":true,"href":"https:\/\/www.kostkos.vilniausr.lm.lt\/index.php?rest_route=\/wp\/v2\/users\/1"}],"replies":[{"embeddable":true,"href":"https:\/\/www.kostkos.vilniausr.lm.lt\/index.php?rest_route=%2Fwp%2Fv2%2Fcomments&post=111"}],"version-history":[{"count":20,"href":"https:\/\/www.kostkos.vilniausr.lm.lt\/index.php?rest_route=\/wp\/v2\/pages\/111\/revisions"}],"predecessor-version":[{"id":10061,"href":"https:\/\/www.kostkos.vilniausr.lm.lt\/index.php?rest_route=\/wp\/v2\/pages\/111\/revisions\/10061"}],"wp:attachment":[{"href":"https:\/\/www.kostkos.vilniausr.lm.lt\/index.php?rest_route=%2Fwp%2Fv2%2Fmedia&parent=111"}],"curies":[{"name":"wp","href":"https:\/\/api.w.org\/{rel}","templated":true}]}}