{"id":11564,"date":"2024-01-22T21:26:30","date_gmt":"2024-01-22T19:26:30","guid":{"rendered":"https:\/\/www.kostkos.vilniausr.lm.lt\/?page_id=11564"},"modified":"2026-03-19T11:02:49","modified_gmt":"2026-03-19T09:02:49","slug":"administracija-2","status":"publish","type":"page","link":"https:\/\/www.kostkos.vilniausr.lm.lt\/?page_id=11564","title":{"rendered":"Administracija"},"content":{"rendered":"<div class=\"wp-block-image\">\n<figure class=\"aligncenter size-full is-resized\"><img loading=\"lazy\" decoding=\"async\" width=\"116\" height=\"150\" src=\"https:\/\/www.kostkos.vilniausr.lm.lt\/wp-content\/uploads\/2024\/01\/image.png\" alt=\"\" class=\"wp-image-11569\" style=\"width:186px;height:auto\"\/><\/figure><\/div>\n\n\n<p style=\"text-align: center;\">Gimnazijos direktor\u0117<br><b>Jolanta Driukien\u0117<br><\/b>Tel. +3705258 62 66<br>lenk\u0173 kalbos vyresnioji mokytoja, angl\u0173 kalbos vyresnioji mokytoja,<br>pedagoginio darbo sta\u017eas 24 met\u0173<\/p>\n<p><img decoding=\"async\" class=\"aligncenter\" src=\"https:\/\/www.kostkos.vilniausr.lm.lt\/wp-content\/uploads\/2009\/11\/direktore1.png\" alt=\"direktore\"><\/p>\n<p style=\"text-align: center;\">Direktoriaus pavaduotoja ugdymui<br><strong>Ana Jankovska<br><\/strong>Tel. +3705258 62 66<br>lenk\u0173 kalbos vyresnioji mokytoja,<br>pedagoginio darbo sta\u017eas 32 metai<\/p>\n<p><img loading=\"lazy\" decoding=\"async\" class=\"aligncenter\" src=\"https:\/\/www.kostkos.vilniausr.lm.lt\/wp-content\/uploads\/2023\/01\/15x21-211x300.jpg\" width=\"191\" height=\"272\"><\/p>\n<p style=\"text-align: center;\">Direktoriaus pavaduotoja ugdymui<br><strong>Gelena \u0160neiderien\u0117<br><\/strong>Tel. +3705258 62 66<br>matematikos ir informatikos<br>vyresn. mokytoja,<br>pedagoginio darbo sta\u017eas 34 metai<\/p>\n<p><img decoding=\"async\" class=\"aligncenter\" src=\"https:\/\/www.kostkos.vilniausr.lm.lt\/wp-content\/uploads\/2009\/11\/1-125x150.jpg\" alt=\"1\"><\/p>\n<p style=\"text-align: center;\">Direktoriaus pavaduotoja \u016bkio reikalams<br><strong>Ana Purikovien\u0117<\/strong><br>Tel. +3705258 62 66<\/p>\n","protected":false},"excerpt":{"rendered":"<p>Gimnazijos direktor\u0117Jolanta Driukien\u0117Tel. +3705258 62 66lenk\u0173 kalbos vyresnioji mokytoja, angl\u0173 kalbos vyresnioji mokytoja,pedagoginio darbo sta\u017eas 24 met\u0173 Direktoriaus pavaduotoja ugdymuiAna JankovskaTel. +3705258 62 66lenk\u0173 kalbos vyresnioji mokytoja,pedagoginio darbo sta\u017eas 32 metai Direktoriaus pavaduotoja ugdymuiGelena \u0160neiderien\u0117Tel. +3705258 62 66matematikos ir informatikosvyresn. &hellip; <a href=\"https:\/\/www.kostkos.vilniausr.lm.lt\/?page_id=11564\">Continue reading <span class=\"meta-nav\">&rarr;<\/span><\/a><\/p>\n","protected":false},"author":1,"featured_media":0,"parent":1813,"menu_order":3,"comment_status":"closed","ping_status":"closed","template":"","meta":{"ngg_post_thumbnail":0,"footnotes":"","_links_to":"","_links_to_target":""},"_links":{"self":[{"href":"https:\/\/www.kostkos.vilniausr.lm.lt\/index.php?rest_route=\/wp\/v2\/pages\/11564"}],"collection":[{"href":"https:\/\/www.kostkos.vilniausr.lm.lt\/index.php?rest_route=\/wp\/v2\/pages"}],"about":[{"href":"https:\/\/www.kostkos.vilniausr.lm.lt\/index.php?rest_route=\/wp\/v2\/types\/page"}],"author":[{"embeddable":true,"href":"https:\/\/www.kostkos.vilniausr.lm.lt\/index.php?rest_route=\/wp\/v2\/users\/1"}],"replies":[{"embeddable":true,"href":"https:\/\/www.kostkos.vilniausr.lm.lt\/index.php?rest_route=%2Fwp%2Fv2%2Fcomments&post=11564"}],"version-history":[{"count":5,"href":"https:\/\/www.kostkos.vilniausr.lm.lt\/index.php?rest_route=\/wp\/v2\/pages\/11564\/revisions"}],"predecessor-version":[{"id":16313,"href":"https:\/\/www.kostkos.vilniausr.lm.lt\/index.php?rest_route=\/wp\/v2\/pages\/11564\/revisions\/16313"}],"up":[{"embeddable":true,"href":"https:\/\/www.kostkos.vilniausr.lm.lt\/index.php?rest_route=\/wp\/v2\/pages\/1813"}],"wp:attachment":[{"href":"https:\/\/www.kostkos.vilniausr.lm.lt\/index.php?rest_route=%2Fwp%2Fv2%2Fmedia&parent=11564"}],"curies":[{"name":"wp","href":"https:\/\/api.w.org\/{rel}","templated":true}]}}