{"id":3083,"date":"2014-10-14T18:53:25","date_gmt":"2014-10-14T16:53:25","guid":{"rendered":"https:\/\/www.kostkos.vilniausr.lm.lt\/?page_id=3083"},"modified":"2015-01-29T20:32:22","modified_gmt":"2015-01-29T18:32:22","slug":"regulamin-zachowania-sie","status":"publish","type":"page","link":"https:\/\/www.kostkos.vilniausr.lm.lt\/?page_id=3083&lang=pl","title":{"rendered":"Regulamin zachowania si\u0119"},"content":{"rendered":"<p style=\"text-align: justify;\"><b>Mokinio teis\u0117s, pareigos ir atsakomyb\u0117<\/b><\/p>\n<p style=\"text-align: justify;\"><b>Mokinys turi teis\u0119:<br \/>\n<\/b><\/p>\n<ul>\n<li style=\"text-align: justify;\">\u012f nemokam\u0105 mokym\u0105;<\/li>\n<li style=\"text-align: justify;\">\u012f religijos, \u017eod\u017eio, minties, s\u0105\u017ein\u0117s laisv\u0119;<\/li>\n<li style=\"text-align: justify;\">mokytis pagal savo geb\u0117jimus ir poreikius bei savaranki\u0161kai \u012fgyti valstybinius standartus atitinkant\u012f i\u0161silavinim\u0105;<\/li>\n<li style=\"text-align: justify;\">gauti geros kokyb\u0117s \u0161vietim\u0105;<\/li>\n<li style=\"text-align: justify;\">pasirinkti formaliojo \u0161vietimo programas, papildan\u010dius bei jo savirai\u0161kos poreikius tenkinan\u010dius \u0161i\u0173 program\u0173 modulius, pasirenkam\u0173j\u0173 dalyk\u0173 programas;<\/li>\n<li style=\"text-align: justify;\">sulaukus 14 m. savaranki\u0161kai apsispr\u0119sti d\u0117l dorinio ugdymo (tikybos ar etikos) krypties;<\/li>\n<li style=\"text-align: justify;\">gauti socialin\u0119 pagalb\u0105, jei socialin\u0117s pagalbos mokiniui negali suteikti t\u0117vai (glob\u0117jai, r\u016bpintojai);<\/li>\n<li style=\"text-align: justify;\">mokytis savitarpio pagarba gr\u012fstoje, psichologi\u0161kai, dvasi\u0161kai ir fizi\u0161kai saugioje aplinkoje,\u00a0\u00a0\u00a0\u00a0\u00a0 tur\u0117ti higienos reikalavimus atitinkan\u010dius mokymosi kr\u016bv\u012f ir darbo viet\u0105;<\/li>\n<li style=\"text-align: justify;\">gauti visapusi\u0161k\u0105 informacij\u0105;<\/li>\n<li style=\"text-align: justify;\">\u012f ne\u0161ali\u0161k\u0105 mokymosi pasiekim\u0173 \u012fvertinim\u0105;<\/li>\n<li style=\"text-align: justify;\">dalyvauti mokyklos savivaldos grup\u0117se \u2013 moksleivi\u0173 ir mokyklos taryboje;<\/li>\n<li style=\"text-align: justify;\">\u012fstatym\u0173 nustatyta tvarka ginti savo teises;<\/li>\n<li style=\"text-align: justify;\">naudotis Specialiojo ugdymo \u012fstatymo nustatytomis teis\u0117mis;<\/li>\n<li style=\"text-align: justify;\">sukakus 16 met\u0173, apsispr\u0119sti d\u0117l tolesnio mokymosi b\u016bd\u0173;<\/li>\n<li style=\"text-align: justify;\">\u012f poils\u012f ir kult\u016bring\u0105 laisvalaik\u012f, atitinkant\u012f am\u017ei\u0173 ir sveikat\u0105;<\/li>\n<li style=\"text-align: justify;\">burtis \u012f s\u0105jungas, nepolitines visuomenines organizacijas, jud\u0117jimus, dalyvauti susirinkimuose, kuri\u0173 veikla neprie\u0161tarauja Lietuvos Respublikos \u012fstatymams;<\/li>\n<li style=\"text-align: justify;\">nustatyta tvarka naudotis vadov\u0117liais, biblioteka, skaitykla, sporto sale;<\/li>\n<li style=\"text-align: justify;\">esant reikalui ir galimyb\u0117ms, gauti nemokam\u0105 maitinim\u0105 \u012fstatym\u0173 nustatyta tvarka.<\/li>\n<\/ul>\n<p style=\"text-align: justify;\"><b>\u00a0Mokinio pareigos:<\/b><\/p>\n<p>&nbsp;<\/p>\n<ul>\n<li style=\"text-align: justify;\">Sudarius mokymo sutart\u012f, mokinys privalo laikytis vis\u0173 jos s\u0105lyg\u0173, mokyklos vidaus tvark\u0105 reglamentuojan\u010di\u0173 dokument\u0173 reikalavim\u0173.<\/li>\n<li style=\"text-align: justify;\">Laikytis etiketo, pagarbiai elgtis bendraujant su mokytojais, t\u0117vais, vyresniais \u017emon\u0117mis.<\/li>\n<li style=\"text-align: justify;\">Mokytis iki 16 met\u0173.<\/li>\n<li style=\"text-align: justify;\">Laikytis Lietuvos Respublikos \u012fstatym\u0173, Paber\u017e\u0117s \u0161v. Stanislavo Kostkos vidurin\u0117s mokyklos nuostat\u0173, mokyklos savivaldos institucij\u0173 nutarim\u0173.<\/li>\n<li style=\"text-align: justify;\">Tausoti mokyklos turt\u0105, mokykloje ir u\u017e jos rib\u0173 laikytis priimt\u0173 elgesio norm\u0173.<\/li>\n<li style=\"text-align: justify;\">Dalyvauti mokykloje organizuojamuose \u017eini\u0173 patikrinimuose (testuose, bandomuosiuose egzaminuose) ir s\u0105\u017einingai atlikti skirtas u\u017eduotis; nepageidaujantis dalyvauti pagrindinio ugdymo pasiekim\u0173 patikrinimuose ar bandomuosiuose brandos egzaminuose turi pateikti ra\u0161ti\u0161k\u0105 t\u0117v\u0173 sutikim\u0105.<\/li>\n<li style=\"text-align: justify;\">S\u0105\u017einingai b\u016bd\u0117ti mokykloje.<\/li>\n<li style=\"text-align: justify;\">Kiekvienas mokinys privalo stropiai ir s\u0105\u017einingai mokytis pagal savo gabumus.<\/li>\n<li style=\"text-align: justify;\">Mokiniai, pateikia mokytojui pa\u017eymi\u0173 knygel\u0119 \u012fvertinimams \u012fra\u0161yti, o savait\u0117s pabaigoje \u2013 t\u0117vams (glob\u0117jams) pasira\u0161yti.<\/li>\n<li style=\"text-align: justify;\">Mokiniai turi d\u0117v\u0117ti tvarking\u0105 aprang\u0105 arba mokyklin\u0119 uniform\u0105.<\/li>\n<li style=\"text-align: justify;\">Mobiliaisiais telefonais pamok\u0173, u\u017esi\u0117mim\u0173 ir rengini\u0173 metu naudotis draud\u017eiama.<\/li>\n<li style=\"text-align: justify;\">Mokinys turi tausoti vadov\u0117lius ir bibliotekos knygas. U\u017e pamestus ar sugadintus vadov\u0117lius ir kitas knygas mokinys turi atlyginti bibliotekai nustatyta tvarka.<\/li>\n<li style=\"text-align: justify;\">Laikytis bendrab\u016bvio norm\u0173 pertrauk\u0173, rengini\u0173, i\u0161vyk\u0173 metu, pad\u0117ti adaptuotis speciali\u0173j\u0173 poreiki\u0173 mokiniams ir naujai atvykusiems \u012f mokykl\u0105 mokiniams.<\/li>\n<li style=\"text-align: justify;\">Mokytojai ir mokiniai mokosi bendravimo kult\u016bros. Mokini\u0173 ir mokytoj\u0173 santykiai grind\u017eiami humanizmu ir demokrati\u0161kumu, \u012fsitikinim\u0173 ir pa\u017ei\u016br\u0173 tolerancija.<\/li>\n<li style=\"text-align: justify;\">Siekia mokytis i\u0161vengti seksualin\u0117s prievartos ir i\u0161naudojimo, nevartoti kvai\u0161al\u0173 ir ner\u016bkyti.<\/li>\n<li style=\"text-align: justify;\">Pertrauk\u0173 metu mokiniai ilsisi nepa\u017eeisdami vieni kit\u0173 interes\u0173.<\/li>\n<li style=\"text-align: justify;\">Nuskamb\u0117jus skambu\u010diui \u012f pamok\u0105, kiekvienas mokinys s\u0117da \u012f savo viet\u0105. Pamokos metu i\u0161 klas\u0117s ar kabineto i\u0161eiti galima tik leidus mokytojui.<\/li>\n<li style=\"text-align: justify;\">Savo viet\u0105 klas\u0117je kiekvienas mokinys pri\u017ei\u016bri pats. Rad\u0119s sugadint\u0105 inventori\u0173, tuoj pat prane\u0161a mokytojui. Kitais atvejais, u\u017e sugadint\u0105 inventori\u0173 atsako pats mokinys (sutvarko arba atlygina materialin\u0119 \u017eal\u0105).<\/li>\n<li style=\"text-align: justify;\">D\u0117l ligos praleid\u0119s pamokas, mokinys pateikia klas\u0117s aukl\u0117tojui medicinin\u0119 pa\u017eym\u0105; ne ilgiau tris dienas neatvyk\u0119s \u012f mokykl\u0105, mokinys praleistas pamokas privalo pateisinti pateik\u0119s t\u0117v\u0173 (ar glob\u0117jo) ra\u0161tel\u012f.<\/li>\n<li style=\"text-align: justify;\">Pavalg\u0119 valgykloje, indus mokiniai nusine\u0161a patys. Nemokamas maitinimas vykdomas pagal nustatyt\u0105 grafik\u0105.<\/li>\n<li style=\"text-align: justify;\">Paltus ir striukes u\u017esi\u0117mim\u0173 metu mokiniai palieka saugoti r\u016bbin\u0117se. R\u016bb\u0173 apsaug\u0105 u\u017etikrina r\u016bbininkas.<\/li>\n<li style=\"text-align: justify;\">\u012e ekskursijas mokiniai vyksta tik lydimi mokytojo. Lydintis mokytojas privalo gauti direktoriaus leidim\u0105 ir instruktuoti mokinius.<\/li>\n<li style=\"text-align: justify;\">Mokiniams patiems organizuoti renginius mokykloje po pamok\u0173 be leidimo draud\u017eiama.<\/li>\n<li style=\"text-align: justify;\">Mokiniams gali b\u016bti pareik\u0161ta pad\u0117ka, u\u017e j\u0173 mokymosi ir popamokin\u0117s veiklos pasiekimus, nepriekai\u0161ting\u0105 lankomum\u0105.<\/li>\n<\/ul>\n<p style=\"text-align: justify;\">\u00a0<b>Mokini\u0173 atsakomyb\u0117 u\u017e vidaus taisykli\u0173 pa\u017eeidim\u0105:<\/b><\/p>\n<p>Mokiniai gali b\u016bti baud\u017eiami:<\/p>\n<ol style=\"text-align: justify;\">\n<li>pastaba (u\u017e nedidelius mokyklos darbo tvarkos pa\u017eeidimus);<\/li>\n<li>papeikimus (u\u017e sisteming\u0105 reikalavim\u0173 pa\u017eeidim\u0105);<\/li>\n<li>svarstymu mokini\u0173, mokytoj\u0173 ar mokyklos taryboje (u\u017e grubius elgesio norm\u0173 pa\u017eeidimus);<\/li>\n<li>\u0161alinimu i\u0161 mokyklos (u\u017e ypatingai grubius nusi\u017eengimus).<\/li>\n<\/ol>\n<p style=\"text-align: justify;\"><b>\u00a0Mokini\u0173 saugos ir sveikatos bendrosios taisykl\u0117s kabinetuose:<\/b><\/p>\n<ul>\n<li style=\"text-align: justify;\">Prad\u0117dami darb\u0105, mokiniai turi nuimti visus nereikalingus daiktus. Darbo vieta turi b\u016bti tvarkinga.<\/li>\n<li>B\u016bti punktual\u016bs.<\/li>\n<li style=\"text-align: justify;\">B\u016bti drausmingi, d\u0117mesingi, atsarg\u016bs, netriuk\u0161mauti, tiksliai vykdyti mokytojo nurodymus.<\/li>\n<li style=\"text-align: justify;\">Neliesti elektros jungikli\u0173 ir kit\u0173 prietais\u0173.<\/li>\n<li style=\"text-align: justify;\">Nedarin\u0117ti lang\u0173.<\/li>\n<li style=\"text-align: justify;\">Nepersisverti per langus.<\/li>\n<li style=\"text-align: justify;\">Nesigrumti prie dur\u0173.<\/li>\n<li style=\"text-align: justify;\">Pertrauk\u0173 metu i\u0161eiti i\u0161 kabineto. Kabinetas u\u017erakinamas.<\/li>\n<li style=\"text-align: justify;\">A\u0161trius, smailius daiktus naudoti tik pagal paskirt\u012f ir tik mokytojui leidus.<\/li>\n<li style=\"text-align: justify;\">Negadinti kabinete esan\u010dio inventoriaus ir priemoni\u0173.<\/li>\n<li style=\"text-align: justify;\">I\u0161sipylus skys\u010diui ant grind\u0173, tuojau pat j\u012f i\u0161valyti.<\/li>\n<li style=\"text-align: justify;\">\u012evykus nelaimingam atsitikimui, nedelsiant prane\u0161ti mokytojui, suteikti pirm\u0105j\u0105 pagalb\u0105 nukent\u0117jusiam (pagal galimybes ir pirmin\u012f \u012fvertinim\u0105).<\/li>\n<li style=\"text-align: justify;\">Gaisro, stichin\u0117s nelaim\u0117s atveju evakuotis evakuacijos plane nurodytomis kryptimis.<\/li>\n<\/ul>\n<p style=\"text-align: justify;\">\n","protected":false},"excerpt":{"rendered":"<p>Mokinio teis\u0117s, pareigos ir atsakomyb\u0117 Mokinys turi teis\u0119: \u012f nemokam\u0105 mokym\u0105; \u012f religijos, \u017eod\u017eio, minties, s\u0105\u017ein\u0117s laisv\u0119; mokytis pagal savo geb\u0117jimus ir poreikius bei savaranki\u0161kai \u012fgyti valstybinius standartus atitinkant\u012f i\u0161silavinim\u0105; gauti geros kokyb\u0117s \u0161vietim\u0105; pasirinkti formaliojo \u0161vietimo programas, papildan\u010dius bei &hellip; <a href=\"https:\/\/www.kostkos.vilniausr.lm.lt\/?page_id=3083&#038;lang=pl\">Continue reading <span class=\"meta-nav\">&rarr;<\/span><\/a><\/p>\n","protected":false},"author":1,"featured_media":0,"parent":3081,"menu_order":1,"comment_status":"closed","ping_status":"closed","template":"","meta":{"ngg_post_thumbnail":0,"footnotes":"","_links_to":"","_links_to_target":""},"_links":{"self":[{"href":"https:\/\/www.kostkos.vilniausr.lm.lt\/index.php?rest_route=\/wp\/v2\/pages\/3083"}],"collection":[{"href":"https:\/\/www.kostkos.vilniausr.lm.lt\/index.php?rest_route=\/wp\/v2\/pages"}],"about":[{"href":"https:\/\/www.kostkos.vilniausr.lm.lt\/index.php?rest_route=\/wp\/v2\/types\/page"}],"author":[{"embeddable":true,"href":"https:\/\/www.kostkos.vilniausr.lm.lt\/index.php?rest_route=\/wp\/v2\/users\/1"}],"replies":[{"embeddable":true,"href":"https:\/\/www.kostkos.vilniausr.lm.lt\/index.php?rest_route=%2Fwp%2Fv2%2Fcomments&post=3083"}],"version-history":[{"count":2,"href":"https:\/\/www.kostkos.vilniausr.lm.lt\/index.php?rest_route=\/wp\/v2\/pages\/3083\/revisions"}],"predecessor-version":[{"id":3402,"href":"https:\/\/www.kostkos.vilniausr.lm.lt\/index.php?rest_route=\/wp\/v2\/pages\/3083\/revisions\/3402"}],"up":[{"embeddable":true,"href":"https:\/\/www.kostkos.vilniausr.lm.lt\/index.php?rest_route=\/wp\/v2\/pages\/3081"}],"wp:attachment":[{"href":"https:\/\/www.kostkos.vilniausr.lm.lt\/index.php?rest_route=%2Fwp%2Fv2%2Fmedia&parent=3083"}],"curies":[{"name":"wp","href":"https:\/\/api.w.org\/{rel}","templated":true}]}}