{"id":60,"date":"2010-01-03T09:35:07","date_gmt":"2010-01-03T07:35:07","guid":{"rendered":"http:\/\/www2095.vu.lt\/?page_id=60"},"modified":"2025-05-21T13:44:09","modified_gmt":"2025-05-21T10:44:09","slug":"biblioteka","status":"publish","type":"page","link":"https:\/\/www.kostkos.vilniausr.lm.lt\/?page_id=60","title":{"rendered":"Biblioteka"},"content":{"rendered":"<p align=\"right\"><em>Bibliotekos \u2013 tai \u017emogaus dvasini\u0173 vertybi\u0173 lobynas.<br \/>\n(G. Leibnicas)<\/em><\/p>\n<p style=\"text-align: justify;\"><strong>Bibliotekinink\u0117 Natalja Chochla\u010diova<\/strong><b><br \/>\n<strong>el. pa\u0161tas<\/strong>&nbsp;<\/b><strong><a href=\"mailto:chochlaciova.nata@mail.ru\">chochlaciova.nata@mail.ru<\/a>, tel. +3705258 6266<br \/>\n<\/strong><strong><br \/>\n<\/strong><strong>Bibliotekos tikslas<\/strong> \u2013 tenkinti mokini\u0173 ir mokytoj\u0173 informacinius ir kult\u016brinius poreikius, skatinti mokini\u0173 \u017eini\u0173 raid\u0105, sudarant s\u0105lygas viso gyvenimo mokymuisi bei asmenyb\u0117s savirai\u0161kai.<strong><br \/>\n<\/strong><\/p>\n<p style=\"text-align: justify;\">Bibliotekoje mokiniai gali gauti knyg\u0173 ar kit\u0173 spaudini\u0173, jais laikinai naudotis namuose ar skaitykloje.<\/p>\n<p style=\"text-align: justify;\">Bibliotekoje mokiniai laisvu nuo pamok\u0173 metu gali dirbti, skaityti knygas, ie\u0161koti reikalingos informacijos enciklopedijose bei pasinaudoti internetu.<\/p>\n<p><strong>Bibliotekos taisykl\u0117s <a href=\"https:\/\/www.kostkos.vilniausr.lm.lt\/wp-content\/uploads\/2024\/06\/Bibliotekos-taisykles.pdf\"><img loading=\"lazy\" decoding=\"async\" class=\"alignnone wp-image-2113\" src=\"https:\/\/www.kostkos.vilniausr.lm.lt\/wp-content\/uploads\/2014\/02\/pdf.png\" alt=\"pdf\" width=\"25\" height=\"25\"><\/a><\/strong><\/p>\n<p>Technin\u0117s ir informacin\u0117s komunikacijos priemon\u0117s:<\/p>\n<ul>\n<li>5 kompiuteriai;<\/li>\n<li>1 spausdintuvas;<\/li>\n<li>1 kopijavimo aparatas;<\/li>\n<li>1 televizorius;<\/li>\n<li>Internetas.<\/li>\n<\/ul>\n<p style=\"text-align: justify;\">Vilniaus r. Paber\u017e\u0117s \u0161v. Stanislavo Kostkos gimnazijos biblioteka \u2013 tai atviras \u0161vietimo ir informacijos centras, puiki mokymo, mokymosi ir laisvalaikio praleidimo vieta.<\/p>\n<p style=\"text-align: justify;\">Gimnazijos biblioteka, atsi\u017evelgdama \u012f ugdymo proceso poreikius, kryptingai komplektuoja, tvarko, saugo knygas visose \u012fmanomose laikmenose ir populiarina bibliotekos fond\u0105, teikia mokyklos bendruomenei informacines paslaugas, susijusias su ugdymo procesu, ugdo moksleivi\u0173 informacinius geb\u0117jimus ie\u0161koti, rasti, kaupti ir analizuoti informacij\u0105.<\/p>\n<p style=\"text-align: justify;\">Bibliotekoje ir skaitykloje yra 5 kompiuteriai su internetine prieiga, 25 darbo viet\u0173, kur mokiniai ruo\u0161iasi pamokoms, projektiniams darbams, u\u017esiima savi\u0161vieta. \u010cia taip pat galima naudotis informaciniais leidiniais, enciklopedijomis, \u017eodynais, \u017einynais, kartografiniais leidiniais, garsiniais-regimaisiais ir elektroniniais dokumentais. Bibliotekoje ir skaitykloje rengiamos temin\u0117s knyg\u0173 parodos, skirtos pamin\u0117ti valstybines ir kalendorines \u0161ventes, ra\u0161ytoj\u0173 jubiliejus, akcijos, vedamos integruotos pamokos. <b><\/b><\/p>\n<p style=\"text-align: justify;\">Bibliotekoje &#8211; skaitykloje diegiama mokykl\u0173 bibliotek\u0173 informacin\u0117 sistema (MOBIS). Sistema MOBIS leis kompiuterizuoti visas pagrindines bibliotekos veiklos funkcijas: komplektavim\u0105, katalogavim\u0105, paie\u0161k\u0105 kataloge, bibliotekin\u012f aptarnavim\u0105, bibliotekos administravim\u0105, statistik\u0105 ir apskait\u0105.<\/p>\n<p><strong>Bibliotekos veikla organizuojama remiantis \u0161iais teis\u0117s aktais:<\/strong><\/p>\n<p><a href=\"https:\/\/www.kostkos.vilniausr.lm.lt\/wp-content\/uploads\/2024\/06\/Aprupinimo-bendrojo-ugdymo-dalyku-spausdintais-ir-ivairiu-interaktyvumo-lygiu-virtualiaisiais-vadoveliais-ir-mokymosi-priemonemis-tvarkos-aprasas.pdf\">Vilniaus r. Paber\u017e\u0117s \u0161v. Stanislavo Kostkos gimnazijos apr\u016bpinimo bendrojo ugdymo dalyk\u0173 vadov\u0117liais ir mokymo priemon\u0117mis tvarkos apra\u0161as<\/a><\/p>\n<p><strong>Bibliotekoje esantis leidini\u0173 fondas:<\/strong><\/p>\n<ul>\n<li>Informaciniai leidiniai (enciklopedijos, \u017einynai, \u017eodynai kt.);<\/li>\n<li>Programin\u0117 literat\u016bra (gro\u017ein\u0117 ir kt.);<\/li>\n<li>Vaik\u0173 literat\u016bra;<\/li>\n<li>Mokslo populiarinimo literat\u016bra;<\/li>\n<li>Audio, CD ir skaitmenin\u0117s mokomosios programos;<\/li>\n<li>Periodiniai leidiniai.<\/li>\n<\/ul>\n<p><strong>Elektroniniai i\u0161tekliai<\/strong><\/p>\n<p><a href=\"http:\/\/www.upc.smm.lt\/naujienos\/chrestomatija\/\"><img loading=\"lazy\" decoding=\"async\" class=\"alignnone size-thumbnail wp-image-2394\" src=\"https:\/\/www.kostkos.vilniausr.lm.lt\/wp-content\/uploads\/2010\/01\/elek-150x54.png\" alt=\"elek\" width=\"150\" height=\"54\" srcset=\"https:\/\/www.kostkos.vilniausr.lm.lt\/wp-content\/uploads\/2010\/01\/elek-150x54.png 150w, https:\/\/www.kostkos.vilniausr.lm.lt\/wp-content\/uploads\/2010\/01\/elek.png 220w\" sizes=\"(max-width: 150px) 100vw, 150px\" \/><\/a><\/p>\n<p><a href=\"https:\/\/ebiblioteka.mkp.emokykla.lt\/\">https:\/\/ebiblioteka.mkp.emokykla.lt<\/a> &#8211; Literat\u016bros k\u016briniai 5-8 klas\u0117ms&nbsp;<br \/>\n<a href=\"http:\/\/\u0161altiniai.info\">http:\/\/\u0161altiniai.info<\/a>&nbsp; &#8211; Lietuvi\u0173 literat\u016bros ir istorijos \u0161altiniai<br \/>\n<a href=\"http:\/\/www.upc.smm.lt\/naujienos\/chrestomatija\/\">http:\/\/www.upc.smm.lt\/naujienos\/chrestomatija\/<\/a> &#8211; i\u0161 \u010dia gal\u0117sit atsisi\u0173sti Lietuvi\u0173 kalbos ir literat\u016bros chrestomatija 11 klasei.<br \/>\n<a href=\"http:\/\/www.rasytojai.lt\">http:\/\/www.rasytojai.lt<\/a> &#8211; ra\u0161ytoj\u0173 svetain\u0117<br \/>\n<a href=\"http:\/\/antologija.lt\/texts\/23\/tu%20rinys_l.html\" target=\"_blank\" rel=\"noopener\">http:\/\/antologija.lt\/texts\/23\/tu rinys_l.html<\/a> &#8211; lietuvi\u0173 klasikin\u0117s literat\u016bros antologija (virtuali knyg\u0173 biblioteka)<br \/>\n<a href=\"http:\/\/www.skaitymometai.lt\">www.skaitymometai.lt<\/a> &#8211; Skaitymo metai<br \/>\n<a href=\"http:\/\/www.dpoezija.lt\/\" target=\"_blank\" rel=\"noopener\">Dainuojamoji poezija<br \/>\n<\/a><a href=\"http:\/\/katekizmas.group.lt\/\" target=\"_blank\" rel=\"noopener\">http:\/\/katekizmas.group&nbsp;.lt\/<\/a>-ra\u0161ytojai ir poetai (tekstai internete).<a href=\"http:\/\/www.dpoezija.lt\/\" target=\"_blank\" rel=\"noopener\"><br \/>\n<\/a><a href=\"http:\/\/www.tekstai.lt\/\" target=\"_blank\" rel=\"noopener\">http:\/\/www.tekstai.lt\/<\/a> &#8211; \u012fvair\u016bs tekstai \u2013 \u0161iuolaikin\u0117s lietuvi\u0173 literat\u016bros antologija.<a href=\"http:\/\/www.dpoezija.lt\/\" target=\"_blank\" rel=\"noopener\"><br \/>\n<\/a><a href=\"http:\/\/vertimas.vdu.lt\/\" target=\"_blank\" rel=\"noopener\">http:\/\/vertimas.vdu.lt&nbsp;<\/a>&#8211;&nbsp; vertimas i\u0161 angl\u0173 \u012f lietuvi\u0173 .<a href=\"http:\/\/www.dpoezija.lt\/\" target=\"_blank\" rel=\"noopener\"><br \/>\n<\/a><a href=\"http:\/\/lib.ru\/\" target=\"_blank\" rel=\"noopener\">lib.ru<\/a>&nbsp;&#8211; visatekst\u0117s rus\u0173 autori\u0173 knygos.<br \/>\n<a href=\"http:\/\/ebiblioteka.mkp.emokykla.lt\/\" target=\"_blank\" rel=\"noopener\">http:\/\/ebiblioteka.mkp.emokykla.lt\/<\/a> &#8211; skaitmenin\u0117 biblioteka.<br \/>\n<a href=\"http:\/\/wolnelektury.pl\/\" target=\"_blank\" rel=\"noopener\">Biblioteka internetowa <b>Wolne Lektury<\/b> <\/a>&nbsp;http:\/\/wolnelektury.pl\/<br \/>\n<a href=\"http:\/\/books.google.com\/\">books.google.com<\/a> &#8211; el. google knygynas<br \/>\n<a href=\"http:\/\/www.skaitykle.lt\/el_knygos\">http:\/\/www.skaitykle.lt\/el_knygos<\/a>&nbsp;<i>(mokamos)<br \/>\n<\/i><a href=\"http:\/\/www.elknygos.lt\">http:\/\/www.elknygos.lt<\/a> <i>(nemokamos \u2013 reikia registruotis)<br \/>\n<\/i><a href=\"http:\/\/www.nemokamospdfknygos.lt\">http:\/\/www.nemokamospdfknygos.lt<\/a><br \/>\n<a href=\"http:\/\/books.google.lt\">http:\/\/books.google.lt<\/a><br \/>\n<a href=\"http:\/\/www.nemokamosknygos.lt\/\">http:\/\/www.nemokamosknygos.lt\/<\/a><br \/>\n<a href=\"http:\/\/www.spauda.lt\">http:\/\/www.spauda.lt<\/a><br \/>\n<a href=\"http:\/\/books.better-than.tv\/\">http:\/\/books.better-than.tv\/<\/a> <i>(registruotis)<br \/>\n<\/i><a href=\"http:\/\/www.vook.com\">http:\/\/www.vook.com<\/a><i> \u2013 elektronin\u0117s video knygos, kuriose pateikiamos video iliustracijos (galima atsisi\u0173sti \u012f i\u0161man\u0173j\u012f telefon\u0105 arba kompiuter\u012f)<br \/>\n<\/i>Vaik\u0173 literat\u016bros centras kvie\u010dia tiek skaitan\u010dius, tiek neskaitan\u010dius paauglius (ir suaugusiuosius) prisijungti prie Facebook puslapio \u201eKnyg\u0173 kojos\u201c&nbsp;<a href=\"https:\/\/www.facebook.com\/knygukojos\">https:\/\/www.facebook.com\/knygukojos<\/a><br \/>\n<a href=\"https:\/\/www.facebook.com\/Auguskaitydamas\/app_460837533998489\">https:\/\/www.facebook.com\/Auguskaitydamas\/app_460837533998489<\/a><\/p>\n<p><strong>Bibliotekos ir bibliotek\u0173 katalogai<\/strong><\/p>\n<p>Virtuali kult\u016bros paveldo sistema \u2013 &nbsp; <a href=\"https:\/\/www.epaveldas.lt\/\">https:\/\/www.epaveldas.lt<\/a><br \/>\nLietuvos integrali bibliotek\u0173 informacijos sistema \u2013&nbsp; <a href=\"https:\/\/www.ibiblioteka.lt\/\">https:\/\/www.ibiblioteka.lt<\/a><br \/>\nVilniaus universiteto bibliotekos katalogas \u2013 &nbsp;<a href=\"https:\/\/lanka.vu.lt\/\">https:\/\/lanka.vu.lt<\/a><br \/>\nLietuvos moksl\u0173 akademijos Vrublevski\u0173 bibliotekos katalogai \u2013 &nbsp;<a href=\"http:\/\/www.mab.lt\/lt\/katalogai\">www.mab.lt\/lt\/katalogai<\/a><br \/>\nLietuvos akademin\u0117 elektronin\u0117 biblioteka \u2013 <a href=\"http:\/\/www.lvb.lt\/\">www.lvb.lt<\/a><br \/>\nLietuvos nacionalin\u0117 Martyno Ma\u017evydo biblioteka \u2013&nbsp;<a href=\"http:\/\/www.lnb.lt\/\">www.lnb.lt<\/a><br \/>\nVilniaus apskrities Adomo Mickevi\u010diaus vie\u0161oji biblioteka \u2013&nbsp;<a href=\"http:\/\/www.amb.lt\/\">www.amb.lt<\/a><\/p>\n<p><strong>\u0160vietimas<\/strong><\/p>\n<p>Vaik\u0173 linija. Be paty\u010di\u0173 \u2013&nbsp;<a href=\"http:\/\/www.bepatyciu.lt\/\">www.bepatyciu.lt<\/a><br \/>\nNacionalinis egzamin\u0173 centras \u2013&nbsp;<a href=\"http:\/\/www.nec.lt\/\">www.nec.lt<\/a>&nbsp;;&nbsp;<a href=\"http:\/\/www.egzaminai.lt\/\">www.egzaminai.lt<\/a><br \/>\nAtvira informavimo, konsultavimo ir orientavimo sistema \u2013 <a href=\"http:\/\/www.aikos.smm.lt\">www.aikos.smm.lt<\/a><br \/>\nBendrojo ugdymo dalyk\u0173 vadov\u0117li\u0173 duomen\u0173 baz\u0117 \u2013 <a href=\"https:\/\/www.emokykla.lt\/bendrasis\/vadoveliai\">https:\/\/www.emokykla.lt\/bendrasis\/vadoveliai<\/a><br \/>\n\u0160vietimo portalas emokykla \u2013 <a href=\"http:\/\/www.emokykla.lt\">www.emokykla.lt<\/a><br \/>\n\u0160vietimo, mokslo&nbsp;ir sporto&nbsp;ministerija \u2013&nbsp;<a href=\"http:\/\/www.smm.lt\/\">www.smm.lt<\/a><br \/>\nNacionalin\u0117 \u0161vietimo agent\u016bra&nbsp;\u2013&nbsp;<a href=\"http:\/\/www.nsa.smm.lt\/\">www.nsa.smm.lt<\/a><br \/>\nVilniaus rajono savivaldyb\u0117 \u2013&nbsp;<a href=\"http:\/\/www.vrsa.lt\">www.vrsa.lt<\/a><\/p>\n<p><b>Lietuvos leidyklos, knygynai<\/b><\/p>\n<p><a href=\"http:\/\/www.tev.lt\/\">http:\/\/www.tev.lt\/<\/a><br \/>\n<a href=\"http:\/\/www.tevukas.lt\/\">http:\/\/www.tevukas.lt\/<\/a><br \/>\n<a href=\"http:\/\/www.briedis.eu\/\">http:\/\/www.briedis.eu\/<\/a><br \/>\n<a href=\"http:\/\/www.sviesa.lt\/\">http:\/\/www.sviesa.lt\/<\/a><br \/>\n<a href=\"http:\/\/www.vaga.lt\/\">http:\/\/www.vaga.lt\/<\/a><br \/>\n<a href=\"http:\/\/www.baltoslankos.lt\/\">http:\/\/www.baltoslankos.lt\/<\/a><br \/>\n<a href=\"http:\/\/www.didakta.lt\/\">http:\/\/www.kronta.lt\/<br \/>\n<\/a><a href=\"http:\/\/www.knygeta.lt\" target=\"_blank\" rel=\"noopener\">http:\/\/www.knygeta.lt<\/a><span style=\"text-decoration: underline;\"><br \/>\n<\/span><a href=\"http:\/\/www.pegasas.lt\">http:\/\/www.pegasas.lt<\/a><br \/>\n<a href=\"http:\/\/www.humanitas.lt\/\">http:\/\/www.humanitas.lt\/<br \/>\n<\/a><a href=\"http:\/\/www.didakta.lt\/\">http:\/\/www.presvika.lt\/<\/a><br \/>\n<a href=\"http:\/\/www.didakta.lt\/\">http:\/\/www.didakta.lt\/<\/a><\/p>\n<p style=\"text-align: left;\"><b>Darbo laikas:<br \/>\n<a href=\"https:\/\/www.kostkos.vilniausr.lm.lt\/wp-content\/uploads\/2010\/01\/biblioteka1.png\"><img loading=\"lazy\" decoding=\"async\" class=\"alignnone size-large wp-image-2441\" src=\"https:\/\/www.kostkos.vilniausr.lm.lt\/wp-content\/uploads\/2010\/01\/biblioteka1-600x236.png\" alt=\"biblioteka(1)\" width=\"600\" height=\"236\" srcset=\"https:\/\/www.kostkos.vilniausr.lm.lt\/wp-content\/uploads\/2010\/01\/biblioteka1-600x236.png 600w, https:\/\/www.kostkos.vilniausr.lm.lt\/wp-content\/uploads\/2010\/01\/biblioteka1-150x59.png 150w, https:\/\/www.kostkos.vilniausr.lm.lt\/wp-content\/uploads\/2010\/01\/biblioteka1-300x118.png 300w, https:\/\/www.kostkos.vilniausr.lm.lt\/wp-content\/uploads\/2010\/01\/biblioteka1.png 843w\" sizes=\"(max-width: 600px) 100vw, 600px\" \/><\/a><br \/>\n<\/b><\/p>\n","protected":false},"excerpt":{"rendered":"<p>Bibliotekos \u2013 tai \u017emogaus dvasini\u0173 vertybi\u0173 lobynas. (G. Leibnicas) Bibliotekinink\u0117 Natalja Chochla\u010diova el. pa\u0161tas&nbsp;chochlaciova.nata@mail.ru, tel. +3705258 6266 Bibliotekos tikslas \u2013 tenkinti mokini\u0173 ir mokytoj\u0173 informacinius ir kult\u016brinius poreikius, skatinti mokini\u0173 \u017eini\u0173 raid\u0105, sudarant s\u0105lygas viso gyvenimo mokymuisi bei asmenyb\u0117s savirai\u0161kai. &hellip; <a href=\"https:\/\/www.kostkos.vilniausr.lm.lt\/?page_id=60\">Continue reading <span class=\"meta-nav\">&rarr;<\/span><\/a><\/p>\n","protected":false},"author":1,"featured_media":0,"parent":10054,"menu_order":8,"comment_status":"closed","ping_status":"closed","template":"","meta":{"ngg_post_thumbnail":0,"footnotes":"","_links_to":"","_links_to_target":""},"_links":{"self":[{"href":"https:\/\/www.kostkos.vilniausr.lm.lt\/index.php?rest_route=\/wp\/v2\/pages\/60"}],"collection":[{"href":"https:\/\/www.kostkos.vilniausr.lm.lt\/index.php?rest_route=\/wp\/v2\/pages"}],"about":[{"href":"https:\/\/www.kostkos.vilniausr.lm.lt\/index.php?rest_route=\/wp\/v2\/types\/page"}],"author":[{"embeddable":true,"href":"https:\/\/www.kostkos.vilniausr.lm.lt\/index.php?rest_route=\/wp\/v2\/users\/1"}],"replies":[{"embeddable":true,"href":"https:\/\/www.kostkos.vilniausr.lm.lt\/index.php?rest_route=%2Fwp%2Fv2%2Fcomments&post=60"}],"version-history":[{"count":54,"href":"https:\/\/www.kostkos.vilniausr.lm.lt\/index.php?rest_route=\/wp\/v2\/pages\/60\/revisions"}],"predecessor-version":[{"id":12193,"href":"https:\/\/www.kostkos.vilniausr.lm.lt\/index.php?rest_route=\/wp\/v2\/pages\/60\/revisions\/12193"}],"up":[{"embeddable":true,"href":"https:\/\/www.kostkos.vilniausr.lm.lt\/index.php?rest_route=\/wp\/v2\/pages\/10054"}],"wp:attachment":[{"href":"https:\/\/www.kostkos.vilniausr.lm.lt\/index.php?rest_route=%2Fwp%2Fv2%2Fmedia&parent=60"}],"curies":[{"name":"wp","href":"https:\/\/api.w.org\/{rel}","templated":true}]}}