{"id":8481,"date":"2022-01-03T20:15:02","date_gmt":"2022-01-03T18:15:02","guid":{"rendered":"https:\/\/www.kostkos.vilniausr.lm.lt\/?page_id=8481"},"modified":"2024-01-23T14:14:32","modified_gmt":"2024-01-23T12:14:32","slug":"prevencine-veikla","status":"publish","type":"page","link":"https:\/\/www.kostkos.vilniausr.lm.lt\/?page_id=8481","title":{"rendered":"Prevencin\u0117 veikla"},"content":{"rendered":"\n<p>Vilniaus r. Paber\u017e\u0117s \u0161v. Stanislavo Kostkos gimnazijos smurto ir paty\u010di\u0173 prevencijos ir intervencijos vykdymo tvarkos apra\u0161as (<strong>pridedama<\/strong>)<\/p>\n\n\n\n<p>Gimnazijoje \/ mokykloje \u012fgyvendinamos socialini\u0173 ir emocini\u0173 \u012fg\u016bd\u017ei\u0173 bei kompetencij\u0173 ugdymo, paty\u010di\u0173, psichoaktyvi\u0173 med\u017eiag\u0173 vartojimo ir kitos prevencin\u0117s programos, sudarytos s\u0105lygos kiekvienam mokiniui dalyvauti bent vienoje nuoseklioje, ilgalaik\u0117je socialines ir emocines kompetencijas ugdan\u010dioje prevencin\u0117je programoje, apiman\u010dioje smurto, alkoholio, tabako ir kit\u0173 psichik\u0105 veikian\u010di\u0173 med\u017eiag\u0173 vartojimo prevencij\u0105 bei sveikos gyvensenos skatinim\u0105:<\/p>\n\n\n\n<p>Alkoholio, tabako ir kit\u0173 psichik\u0105 veikian\u010di\u0173 med\u017eiag\u0173 vartojimo prevencijos programa&nbsp;<strong><a href=\"https:\/\/www.e-tar.lt\/portal\/lt\/legalAct\/TAR.C8B5956EC3A8\" target=\"_blank\" rel=\"noreferrer noopener\">https:\/\/www.e-tar.lt\/portal\/lt\/legalAct\/TAR.C8B5956EC3A8<\/a><\/strong><\/p>\n\n\n\n<p>Sveikatos ir lyti\u0161kumo ugdymo bei rengimo \u0161eimai bendroji programa&nbsp;<strong><a href=\"https:\/\/www.e-tar.lt\/portal\/lt\/legalAct\/b10c19209a9a11e69ad4c8713b612d0f\" target=\"_blank\" rel=\"noreferrer noopener\">https:\/\/www.e-tar.lt\/portal\/lt\/legalAct\/b10c19209a9a11e69ad4c8713b612d0f<\/a><\/strong><\/p>\n\n\n\n<p>Gimnazijoje veikia elektronin\u0117 platforma, skirta mokiniams, j\u0173 t\u0117vams ir mokytojams anonimi\u0161kai prane\u0161ti apie paty\u010dias mokykloje ,,<strong>Paty\u010di\u0173 d\u0117\u017eut\u0117<\/strong>\u201c&nbsp;<strong><a href=\"https:\/\/patyciudezute.lt\/\" target=\"_blank\" rel=\"noreferrer noopener\">https:\/\/patyciudezute.lt<\/a><\/strong><\/p>\n\n\n\n<p>Kasmet kovo m\u0117nes\u012f organizuojama s\u0105moningumo didinimo akcija \u201e<strong>Veiksmo savait\u0117 be paty\u010di\u0173<\/strong>\u201c.<\/p>\n","protected":false},"excerpt":{"rendered":"<p>Vilniaus r. Paber\u017e\u0117s \u0161v. Stanislavo Kostkos gimnazijos smurto ir paty\u010di\u0173 prevencijos ir intervencijos vykdymo tvarkos apra\u0161as (pridedama) Gimnazijoje \/ mokykloje \u012fgyvendinamos socialini\u0173 ir emocini\u0173 \u012fg\u016bd\u017ei\u0173 bei kompetencij\u0173 ugdymo, paty\u010di\u0173, psichoaktyvi\u0173 med\u017eiag\u0173 vartojimo ir kitos prevencin\u0117s programos, sudarytos s\u0105lygos kiekvienam mokiniui &hellip; <a href=\"https:\/\/www.kostkos.vilniausr.lm.lt\/?page_id=8481\">Continue reading <span class=\"meta-nav\">&rarr;<\/span><\/a><\/p>\n","protected":false},"author":1,"featured_media":0,"parent":1499,"menu_order":12,"comment_status":"closed","ping_status":"closed","template":"","meta":{"ngg_post_thumbnail":0,"footnotes":"","_links_to":"","_links_to_target":""},"_links":{"self":[{"href":"https:\/\/www.kostkos.vilniausr.lm.lt\/index.php?rest_route=\/wp\/v2\/pages\/8481"}],"collection":[{"href":"https:\/\/www.kostkos.vilniausr.lm.lt\/index.php?rest_route=\/wp\/v2\/pages"}],"about":[{"href":"https:\/\/www.kostkos.vilniausr.lm.lt\/index.php?rest_route=\/wp\/v2\/types\/page"}],"author":[{"embeddable":true,"href":"https:\/\/www.kostkos.vilniausr.lm.lt\/index.php?rest_route=\/wp\/v2\/users\/1"}],"replies":[{"embeddable":true,"href":"https:\/\/www.kostkos.vilniausr.lm.lt\/index.php?rest_route=%2Fwp%2Fv2%2Fcomments&post=8481"}],"version-history":[{"count":5,"href":"https:\/\/www.kostkos.vilniausr.lm.lt\/index.php?rest_route=\/wp\/v2\/pages\/8481\/revisions"}],"predecessor-version":[{"id":10205,"href":"https:\/\/www.kostkos.vilniausr.lm.lt\/index.php?rest_route=\/wp\/v2\/pages\/8481\/revisions\/10205"}],"up":[{"embeddable":true,"href":"https:\/\/www.kostkos.vilniausr.lm.lt\/index.php?rest_route=\/wp\/v2\/pages\/1499"}],"wp:attachment":[{"href":"https:\/\/www.kostkos.vilniausr.lm.lt\/index.php?rest_route=%2Fwp%2Fv2%2Fmedia&parent=8481"}],"curies":[{"name":"wp","href":"https:\/\/api.w.org\/{rel}","templated":true}]}}